 o(z) = -1 + 2*z + 4*z**2 + 0 - 3 - 3*z. List the prime factors of o(3).
29
Let y(p) = 2*p + 1. Let d be y(0). Suppose d = -2*x + 75. List the prime factors of x.
37
Let u(b) be the first derivative of b**4/2 - 2*b**3 + 4*b**2 - 12*b - 3. Let y be u(5). Suppose -2*p + y = 2*p. What are the prime factors of p?
2
Let n(t) = -t**3 + 9*t**2 - 9*t + 2. Let i be n(8). Let l be (i + -2)/((-2)/12). Suppose 0*p = -2*p + l. What are the prime factors of p?
2, 3
Let u(l) = 132*l**2 + 35*l - 185. What are the prime factors of u(5)?
2, 5, 7, 47
Let o(a) = 4. Let n(s) = s + 1. Let i(z) = -n(z) - o(z). What are the prime factors of i(-8)?
3
Let q = -14 - -9. Let s = 4 + q. List the prime factors of (-50)/((s - -2)*-2).
5
Let g(i) = -32*i + 55. What are the prime factors of g(-17)?
599
Let p = 6 - 4. Suppose -p*h + h = 0. Suppose -5*m - 2*l + 70 = h, m = -2*m - 4*l + 42. What are the prime factors of m?
2, 7
Suppose t = d - 4*d + 29, 5*t - 46 = -4*d. What are the prime factors of (-124)/(-3) - 3/d?
41
Suppose -5*a + 24579 = c + 5973, -3718 = -a + 3*c. What are the prime factors of a?
61
Let d(y) = 16*y**3 - y**2 - y + 1. Suppose -2 - 1 = -3*a. Let s be d(a). Suppose -4*o + 136 = -2*k, -o - 2*k + 19 = -s. What are the prime factors of o?
2, 17
Suppose -4*d = 2*j - j - 20, 2*j - 2*d = 0. Suppose -j*h + 3*o + 931 = 0, -3*o - 1155 = -5*h - 8*o. List the prime factors of h.
2, 29
Let z = 7 - -2. Suppose 25 = 14*u - z*u. Suppose -w = 5*q - 50 + 6, 2*w = -u*q + 73. List the prime factors of w.
29
Let v(l) = l**3 + 6*l**2 - 5*l + 1. Suppose j + 2*j + 1 = 4*m, 2*j = -4*m + 26. List the prime factors of v(j).
251
Let d = -214 + 306. Suppose 0 = 9*n - 326 + d. List the prime factors of n.
2, 13
Let u = 17 - 11. Let g(v) = -6*v**2 - v**3 + 3 + 2*v**3 - u*v + 3*v. List the prime factors of g(7).
31
Suppose 61 = 2*m - 3*g, 3*m + 2*m + g = 127. Suppose -4*h + 12 = -4*p, 2*p + h = -3*p + 15. Suppose p*d - 50 = m. List the prime factors of d.
2, 19
Suppose 4*z + 2*d - 796 + 84 = 0, 4*d + 8 = 0. Let i = z - 120. What are the prime factors of i?
59
Suppose -7*o + 4*o + 15 = -n, 0 = 5*o + 5*n - 5. What are the prime factors of 1277*o/22 - 2/11?
2, 29
Let f(g) = -3*g + 25. Let b be f(7). Suppose -3*y - 228 = -3*o, -98 - 318 = -5*o - b*y. List the prime factors of o.
2, 5
Suppose 5*b - 196 = -4*n, 3*b - 6*b - 3*n = -117. Suppose c = -c + b. Suppose 6*m = m + c. What are the prime factors of m?
2
Let a be (-2)/1 + 11 + -7. Suppose -273 = -4*y - 3*z, -y - a*y + 208 = -z. List the prime factors of y.
3, 23
Let r(p) = p**3 - 3*p**2 + 2*p - 1. Let g be r(2). Let o be -1 + 2 + (g - -23). Suppose k - 21 = -3*c, -o + 100 = 3*k - 5*c. What are the prime factors of k?
2, 3
Let r be (77/21)/((-2)/(-6)). What are the prime factors of -2*1 - (-24 + r)?
11
Let s(z) = 2*z**3 + 6*z**2 - 8*z - 10. List the prime factors of s(6).
2, 5, 59
Let c = -3 - -1. List the prime factors of -5*c/15 + (-368)/(-6).
2, 31
Suppose -3*q + 615 = -747. What are the prime factors of q?
2, 227
Suppose 113*m = 110*m + 2511. What are the prime factors of m?
3, 31
Suppose -4*c - 334 = -2*q, 4*q - 662 = 6*c - c. List the prime factors of q.
163
Suppose 3*i + 20 - 47 = 0. Let b be ((-1)/3)/(i/(-27)). Suppose -7 + b = -3*z. List the prime factors of z.
2
Let i be (40/6)/((-2)/(-30)). Suppose 3*v = 162 - 78. Suppose -v = -4*o + i. What are the prime factors of o?
2
Suppose 3*a - 3*y - 3432 = 0, -5*y + 2*y + 2263 = 2*a. What are the prime factors of a?
17, 67
Let t be 76/(-8) + -1 + (-2)/(-4). Let p = t - -102. What are the prime factors of p?
2, 23
Let c be (-27)/2*10/(-15). Suppose -2 = -y + 2*b, 3*y = b - c - 0. What are the prime factors of (-10)/((-3)/(-1 - y))?
2, 5
Let n be 4 + 59 - 3/1. Suppose -7*c - n = -4*c. What are the prime factors of 4/((c/(-24))/5)?
2, 3
Let w(n) = -146*n - 244. List the prime factors of w(-3).
2, 97
Let c(a) = -46*a - 20*a - 4 + 4 - 4. Let s be c(2). Let n = -92 - s. What are the prime factors of n?
2, 11
Let m(q) = 4*q**2 + 2 - 4*q - 4 + 7*q - 5*q**3. What are the prime factors of m(-3)?
2, 5
Let x(r) = -10 - 4 + r**2 + 0*r**2 - 6*r. Suppose 0 = 37*m - 33*m - 40. List the prime factors of x(m).
2, 13
Let p(a) = -a**3 + 5*a + 892. What are the prime factors of p(0)?
2, 223
Let i(h) = 57*h**2 + 2*h - 5*h + 81*h**2 - 1 + 2. List the prime factors of i(1).
2, 17
Suppose 4*a + 881 = 3*z, 3*z - 5*a = -4 + 887. List the prime factors of z.
3, 97
Suppose 3*x - 2*x - 459 = 5*b, 1432 = 3*x - 4*b. Suppose 4*s = -0*s + x. What are the prime factors of s?
11
Suppose -8*g + 5*g = -3*m + 351, -5*m = g - 573. Let q = 171 - m. List the prime factors of q.
2, 7
Let j(i) = -4*i + 15. Let y be j(4). What are the prime factors of 0/((-16)/(-4)) - (-37 - y)?
2, 3
Suppose -27*z - 1380 = -s - 24*z, 2*z = 5*s - 6848. List the prime factors of s.
2, 3, 19
Let o(f) = f**2 + 7*f + 6. Let g(n) = -2*n**2 - 22*n - 19. Let x(p) = 4*g(p) + 11*o(p). What are the prime factors of x(-5)?
2, 3, 5
Suppose -5*b + 0*b + 5*a + 90 = 0, -2*b + 5*a = -36. Let f = b - 18. Suppose f = -8*u + u + 308. What are the prime factors of u?
2, 11
Suppose -4*m + 313 = 3*d, m - d - 82 = 2*d. Let s be m/11 + 2/(-11). Let f = 33 - s. List the prime factors of f.
2, 13
Let i(g) = 3*g**2 - 2*g. Suppose -10 + 4 = 2*m. Let l be i(m). Suppose 7 = -2*o + l. List the prime factors of o.
13
Suppose -2*w = -2*x - 140, 3*x + 15 + 0 = 0. What are the prime factors of w?
5, 13
Let c(m) = m**3 - 7*m**2 + 7*m - 17. Let g be c(7). Let h = 54 - g. List the prime factors of h.
2, 11
What are the prime factors of (-320915)/(-105) + (-1)/3?
2, 191
Suppose 3*x = 5*x + 12. Let f = x - -21. Suppose c + 0*k = -5*k + f, -3*c = 4*k - 67. List the prime factors of c.
5
Suppose 114 + 70 = o + n, 3*o + 4*n = 555. List the prime factors of o.
181
Let s(w) be the second derivative of w**4/6 + 17*w**2/2 + 14*w. List the prime factors of s(4).
7
Let m(k) = 4*k**2 + 13*k + 83. List the prime factors of m(16).
5, 263
Suppose -2*p + 4*q = -0*p + 56, -q = p + 19. Let y(a) = a**2 + 16*a - 34. List the prime factors of y(p).
2, 7
Let s(x) = 3*x - 26. Let t be s(13). Let l = 6 + -16. Let v = l + t. What are the prime factors of v?
3
Let t be 3/15 + 32/(-10). Let f = t + 3. Suppose f*z + 11 = z. List the prime factors of z.
11
Suppose 176*j = 175*j + 2782. What are the prime factors of j?
2, 13, 107
What are the prime factors of -8 + 34307/65 + (-8)/10?
3, 173
Let u(m) = -2*m**2 + 15*m + 15. Let g be u(8). Let t be 5/(75/(-6))*5. Let y = g - t. List the prime factors of y.
3
Suppose -l + 8 = -1. Let j be (-1167)/l - (-8)/12. Let g = -92 - j. List the prime factors of g.
37
Let s(m) = -2*m + 16. Suppose 0 = b + b. Let u be s(b). Let i = u + -5. What are the prime factors of i?
11
Suppose 3*p = -1226 - 133. Let f be (-12)/(-30) - p/5. Suppose 0 = -4*r - 5*y + 115, -4*r + 6*y + f = 3*y. What are the prime factors of r?
5
Let u be ((-9405)/10)/11*(2 - 0). Let p = u - -198. List the prime factors of p.
3
Let g be (1/(-3))/(3/(-135)). Suppose -5*z + 410 = g. Suppose -z = -5*v + 4*l, 49 = 3*v - 0*v - 2*l. What are the prime factors of v?
19
List the prime factors of ((-22432)/20)/((-6)/15).
2, 701
Let a = 167 + -83. What are the prime factors of a?
2, 3, 7
Let j(r) = r + 1. Let c(l) = -21*l - 25. Let d(h) = c(h) + 6*j(h). What are the prime factors of d(-10)?
131
Let q(i) = 689*i**2 - 40*i - 6. List the prime factors of q(3).
3, 5
Suppose 0 = -2*x - 3*k - 29, -2*k + 1 = -1. Let d be (-2)/(-8) - 732/x. Let t = -14 + d. What are the prime factors of t?
2
Suppose -2*l = -7 + 3. Suppose l*n - 344 = 12. What are the prime factors of n?
2, 89
Let c(d) = 0*d**3 + 5*d + 7*d**2 - 4*d**3 - 1 + 5*d**3. Let m be c(-6). Suppose 53 + 84 = 4*r + 5*o, -3*r + 109 = m*o. What are the prime factors of r?
2, 7
Let u(q) = 12*q**2 - 2*q + 1. Suppose 4*s = -3 + 43. Let m be (s/60)/((-2)/(-12)). What are the prime factors of u(m)?
11
Let z = 1866 + -1060. List the prime factors of z.
2, 13, 31
Let v = -15 - -18. Suppose -3*z + 11 = 2*g + v, -7 = -4*z + g. Suppose 0 = -z*c + 60 + 22. List the prime factors of c.
41
Let s(g) = g**2 - 6*g - 39. Let x be s(-8). Suppose d = -21 + x. What are the prime factors of d?
2, 13
List the prime factors of (-7)/2*(-9 + -8 + -99).
2, 7, 29
Let v = -6 - -11. Suppose -r = -v*c - 